75379.
90
Calculate the remainder when 152779328 is divided by 9.
8
What is the remainder when 579665 is divided by 701?
639
What is the remainder when 5184835 is divided by 73?
10
What is the remainder when 241331 is divided by 165?
101
Calculate the remainder when 76369466 is divided by 3164.
3162
What is the remainder when 1294596 is divided by 7657?
563
What is the remainder when 43445332 is divided by 21722664?
4
Calculate the remainder when 2062913 is divided by 30788.
117
Calculate the remainder when 10017327 is divided by 82109.
29
Calculate the remainder when 2936504 is divided by 139833.
11
Calculate the remainder when 12065779 is divided by 389218.
21
What is the remainder when 18108298 is divided by 140?
138
What is the remainder when 221991 is divided by 313?
74
What is the remainder when 179758 is divided by 7811?
105
Calculate the remainder when 17086914 is divided by 666.
18
What is the remainder when 3779478 is divided by 1259793?
99
What is the remainder when 76457 is divided by 69991?
6466
What is the remainder when 9107779 is divided by 1301110?
9
Calculate the remainder when 3630613 is divided by 1733.
1711
What is the remainder when 357469 is divided by 178627?
215
What is the remainder when 991118 is divided by 81?
2
What is the remainder when 2046927 is divided by 42?
15
Calculate the remainder when 6049502 is divided by 720.
62
What is the remainder when 169303829 is divided by 15?
14
What is the remainder when 1540938 is divided by 1540826?
112
What is the remainder when 1467643 is divided by 2016?
2011
What is the remainder when 26439263 is divided by 852?
851
What is the remainder when 86631312 is divided by 40463?
29
What is the remainder when 28231108 is divided by 109?
108
What is the remainder when 1778706 is divided by 253?
116
What is the remainder when 101918 is divided by 883?
373
Calculate the remainder when 12199796 is divided by 852.
8
Calculate the remainder when 34029699 is divided by 2001747.
0
What is the remainder when 211620 is divided by 70458?
246
What is the remainder when 1332701201 is divided by 118?
115
What is the remainder when 161115 is divided by 53594?
333
Calculate the remainder when 170741 is divided by 2944.
2933
Calculate the remainder when 108302961 is divided by 1178.
1175
What is the remainder when 30252 is divided by 5925?
627
Calculate the remainder when 282269303 is divided by 1663.
1661
What is the remainder when 316838777 is divided by 3462?
3461
What is the remainder when 1105992 is divided by 71?
25
Calculate the remainder when 61736309 is divided by 6859588.
17
Calculate the remainder when 482321093 is divided by 20.
13
What is the remainder when 37664 is divided by 1146?
992
Calculate the remainder when 18653 is divided by 894.
773
Calculate the remainder when 1233866 is divided by 751.
724
Calculate the remainder when 397753 is divided by 40.
33
What is the remainder when 2601598 is divided by 200121?
25
Calculate the remainder when 34261950 is divided by 216.
30
What is the remainder when 1182596 is divided by 1182587?
9
What is the remainder when 2369281 is divided by 124699?
0
Calculate the remainder when 4123955 is divided by 2061957.
41
Calculate the remainder when 995758 is divided by 5497.
801
What is the remainder when 3322224 is divided by 95?
74
Calculate the remainder when 918597 is divided by 37.
35
What is the remainder when 2681873 is divided by 383119?
40
Calculate the remainder when 59008223 is divided by 7612.
7611
Calculate the remainder when 19448 is divided by 2499.
1955
Calculate the remainder when 6900 is divided by 2388.
2124
Calculate the remainder when 3884757 is divided by 49796.
669
What is the remainder when 5812043 is divided by 111770?
3
What is the remainder when 387098 is divided by 29771?
75
Calculate the remainder when 101533 is divided by 12489.
1621
Calculate the remainder when 19029825 is divided by 340.
25
Calculate the remainder when 100326514 is divided by 645.
634
What is the remainder when 18102087 is divided by 548548?
3
Calculate the remainder when 30238921 is divided by 97860.
181
Calculate the remainder when 43686 is divided by 20529.
2628
Calculate the remainder when 9726642 is divided by 3.
0
What is the remainder when 17750 is divided by 1129?
815
Calculate the remainder when 14259972 is divided by 1883.
13
What is the remainder when 1244586 is divided by 15175?
236
Calculate the remainder when 144332 is divided by 36055.
112
Calculate the remainder when 141862 is divided by 95.
27
Calculate the remainder when 6923706 is divided by 2311.
2261
Calculate the remainder when 6003227 is divided by 2492.
2491
What is the remainder when 50054 is divided by 2588?
882
What is the remainder when 108757715 is divided by 4262?
4261
What is the remainder when 4326662 is divided by 188?
30
Calculate the remainder when 119470 is divided by 58949.
1572
What is the remainder when 13475898 is divided by 25?
23
What is the remainder when 118585812 is divided by 23684?
24
What is the remainder when 15694877 is divided by 16768?
29
Calculate the remainder when 554414 is divided by 137985.
2474
What is the remainder when 4052209 is divided by 2026092?
25
What is the remainder when 1314948 is divided by 34?
32
What is the remainder when 1971820 is divided by 281?
43
Calculate the remainder when 3343231 is divided by 1671603.
25
What is the remainder when 2520162 is divided by 629722?
1274
Calculate the remainder when 8212217 is divided by 174728.
1
What is the remainder when 19504629 is divided by 692?
609
What is the remainder when 25353394 is divided by 796?
794
Calculate the remainder when 2387500 is divided by 166.
88
Calculate the remainder when 3575369 is divided by 1444.
25
What is the remainder when 74645 is divided by 74148?
497
Calculate the remainder when 1434067 is divided by 5253.
5251
What is the remainder when 17055480 is divided by 5685157?
9
What is the remainder when 4354928 is divided by 12302?
20
What is the remainder when 3826140 is divided by 42?
24
What is the remainder when 933225 is divided by 933098?
127
What is the remainder when 478732301 is divided by 23?
20
Calculate the remainder when 4716986 is divided by 530.
516
Calculate the remainder when 5903620 is divided by 35.
30
What is the remainder when 688615 is divided by 62510?
1005
What is the remainder when 3148 is divided by 566?
318
Calculate the remainder when 265483 is divided by 64584.
7147
Calculate the remainder when 485410 is divided by 34667.
72
Calculate the remainder when 10020126 is divided by 626255.
46
Calculate the remainder when 290257 is divided by 2135.
2032
What is the remainder when 1854261 is divided by 458?
277
Calculate the remainder when 3256761 is divided by 339.
327
What is the remainder when 181173 is divided by 90561?
51
What is the remainder when 879975 is divided by 591?
567
Calculate the remainder when 9437427 is divided by 1280.
1267
What is the remainder when 34589259 is divided by 3?
0
Calculate the remainder when 1699353 is divided by 70804.
57
What is the remainder when 118390 is divided by 29226?
1486
What is the remainder when 140329 is divided by 12756?
13
Calculate the remainder when 1456523 is divided by 3.
2
Calculate the remainder when 8848 is divided by 1218.
322
What is the remainder when 57915381 is divided by 78?
69
Calculate the remainder when 111537 is divided by 5991.
3699
Calculate the remainder when 10442774 is divided by 25.
24
Calculate the remainder when 540702238 is divided by 156.
154
What is the remainder when 2144604 is divided by 113?
90
Calculate the remainder when 2966403 is divided by 283.
280
What is the remainder when 34751731 is divided by 3798?
31
Calculate the remainder when 5313757 is divided by 54781.
0
What is the remainder when 1669646 is divided by 31?
17
What is the remainder when 4963893 is divided by 206828?
21
Calculate the remainder when 22497 is divided by 561.
57
What is the remainder when 699288 is divided by 401?
345
What is the remainder when 14536194 is divided by 11?
2
What is the remainder when 519341 is divided by 259471?
399
What is the remainder when 13771254 is divided by 38?
16
Calculate the remainder when 114656 is divided by 19106.
20
Calculate the remainder when 201659